s divided by b.
28
Let t = 111 - 86. Calculate the remainder when 69 is divided by t.
19
Suppose 0 = 4*x - 2*r + 14, 3*x + 4*r - 19 = 2*x. What is the remainder when (5 - 4*-6) + x is divided by 10?
8
Let w = 63 + -33. Let o be (-2)/(-4) + (-39)/(-6). Suppose -o*k = -0*k - 833. What is the remainder when k is divided by w?
29
Let f = 41 - 12. Suppose -2*u + 116 = -2*q, 5*u - 5*q = -q + 288. What is the remainder when u is divided by f?
27
Let q(x) = 14*x + 74. Calculate the remainder when 69 is divided by q(-4).
15
Let i = -1 + 3. Let a(c) = -13*c + 2. Let o be a(i). Let l = o + 38. Calculate the remainder when l is divided by 9.
5
Let q be 4/(-34) + (-70)/(-17). Let i(t) = t**3 - 4*t**2 + 8*t + 4. What is the remainder when i(q) is divided by 20?
16
Suppose -793 = -5*m + 57. What is the remainder when m is divided by 32?
10
Let a = 1491 - 737. What is the remainder when a is divided by 28?
26
Let d(b) = -b**2 + b + 9. Let t(q) = -q**2 - 4*q + 15. Let l be t(-5). What is the remainder when -99*5/l*8/(-12) is divided by d(0)?
6
Suppose -4*r = -r - 222. Suppose 2*z = 9 - 5. Suppose -f - 34 = -2*a + 3*f, 2*a - 36 = z*f. Calculate the remainder when r is divided by a.
17
Let o = 73 + -64. Calculate the remainder when 47 is divided by o.
2
Let k = -113 + 356. What is the remainder when k is divided by 81?
0
Let p(y) = 7*y + 143. Suppose 0 = -2*q - 0 + 2. Suppose -2*a = -15 + q. What is the remainder when a is divided by p(-20)?
1
Let j = -267 + 768. Calculate the remainder when j is divided by 21.
18
Let s(c) = 22*c**2 - 2*c + 1. Suppose -3*o + 5*y + 14 = 0, 3*y = 4*o + y. Let j be o - -1*(0 + 3). What is the remainder when s(j) is divided by 11?
10
Let a be (-1 - (-4 + 6))/((-1)/(-2)). Calculate the remainder when 17 is divided by (a/(-9))/(12/90).
2
Let s = 59 + 82. Suppose -2*c - 2*c + 3*g + s = 0, 0 = 3*c + 4*g - 87. What is the remainder when c is divided by ((108/(-15))/(-2))/(12/40)?
9
Calculate the remainder when ((-2)/(-8))/(13/10712) is divided by 31.
20
Suppose 5*z = -5*h + 280, -18*h + 14*h - 2*z = -226. What is the remainder when h is divided by 46?
11
Let w = -27 - -35. Let z(b) = b**3 - 7*b**2 - 4*b - 26. What is the remainder when ((-9)/2)/(1/(-6)) is divided by z(w)?
3
Let y = 893 - 872. Calculate the remainder when 96 is divided by y.
12
Let k(b) = 14*b**2 - 2*b + 2. Suppose -154 = -17*i + 3*i. Calculate the remainder when k(2) is divided by i.
10
Suppose 4*l + 3 = 7*l. Let u be (-1)/(-4)*(187 + l). Let r = u + -25. What is the remainder when r is divided by 6?
4
Let f = 1058 + -1043. What is the remainder when f is divided by 5?
0
Suppose 4*a - 194 = -130. Calculate the remainder when 98 is divided by a.
2
Let w = 60 + -50. What is the remainder when 34 is divided by w?
4
Let g(f) = -f**3 + 6*f**2 + 5*f + 16. Let x be g(7). Suppose -7*c + 15 = -x*c. Calculate the remainder when (10/4)/(c/12) is divided by 3.
1
Let g = -79 + 81. Suppose 3*f - 2*w = -4*w + 107, g*f + 4*w - 66 = 0. What is the remainder when 184 is divided by f?
36
Calculate the remainder when 509 is divided by 15/((2 - -2 - 3)/2).
29
Suppose 145 = 16*v - 11*v - 4*r, v - 18 = 3*r. Calculate the remainder when 164 is divided by v.
32
Let g be -1 + -2 + 4 + -1. Suppose g = -4*a, 5*u - 2*a + 0*a - 15 = 0. Suppose 48 + 27 = u*l. Calculate the remainder when 74 is divided by l.
24
Suppose 161*o - 784 = 157*o. What is the remainder when o is divided by 22?
20
Suppose 80 = 3*g - x - 42, 3*g + x = 124. What is the remainder when 198 is divided by g?
34
Suppose 43*i - 570 = 38*i. Calculate the remainder when 1253 is divided by i.
113
Calculate the remainder when -15*9/(-90) + 494/4 is divided by 42.
41
Let g = -495 - -524. What is the remainder when 144 is divided by g?
28
Let h(a) = 8*a**2 + 10*a + 11. What is the remainder when 69 is divided by h(-1)?
6
Let z = -111 - -131. Calculate the remainder when 49 is divided by z.
9
Suppose 13*a = 53 + 220. What is the remainder when 37 is divided by a?
16
Let m be 58/7 - 2/7. Suppose g + 0 = 3*c + m, 5*g + 2*c - 6 = 0. What is the remainder when (-130)/(-39) + ((-4)/3 - -1) is divided by g?
1
Suppose -s - 2*j + 0*j + 4 = 0, -j = -4*s - 2. Suppose -2*o + 98 = -3*t, 4*o - 5*o = -2*t - 50. What is the remainder when o is divided by (-16)/((1 - s)/(-1))?
14
Suppose -14*x - 414 = -1240. Let c(q) = 6*q - 2. What is the remainder when x is divided by c(2)?
9
Suppose -6*d = -d - 20. Suppose -d*y + 137 = 9. What is the remainder when 93 is divided by y?
29
Suppose 0 = 5*f - 5 - 0. Let w be (14/21)/(f/15). Let d = w - 7. What is the remainder when 9 is divided by d?
0
Let p = -257 - -272. What is the remainder when p is divided by 4?
3
Suppose 4*r - 3*r = 25. Let l = 119 + -115. Suppose -l*d - 3*o + 137 = 0, -r = -2*o + 7*o. What is the remainder when d is divided by 10?
8
Let d = 89 - 32. Suppose -4*s = -2*i + 52, -4*i - 5*s = -d + 18. Calculate the remainder when i is divided by (-9)/12 + (-15)/(-4).
1
Suppose 30*p = 27*p + 87. Calculate the remainder when 3/(-1) - -54 - -4 is divided by p.
26
Suppose -p = p. Let l(t) = 8*t**2 + t - 2. What is the remainder when l(-2) is divided by 88/8 - (p + 1)?
8
Let n(a) = a + 1. Let u be n(3). Let p be (-4)/5*(2 + -7). Suppose 56 = p*s - 2*m - 2*m, -5*s + 73 = -u*m. What is the remainder when 32 is divided by s?
15
Suppose -3*u + 0*u + 2*j = -9, u + j - 3 = 0. Let c(d) = -d**3 + 4*d**2 - 2*d - 1. What is the remainder when c(u) is divided by (1 + -2)/(2/(-4))?
0
Calculate the remainder when 63 is divided by (3/3)/(5*(-6)/(-870)).
5
Let i = -319 + 1636. What is the remainder when i is divided by 11?
8
What is the remainder when 3 + (-2470)/(-18) + 2/(-9) is divided by 73?
67
Suppose -4 + 28 = h. Suppose -h = -3*v - 0*v. Suppose -3*p + 42 = -0*p. Calculate the remainder when p is divided by v.
6
Suppose o - 13 = w + w, o + 4*w + 11 = 0. Suppose a - 51 = 5*i + 6, o*i + 99 = 2*a. What is the remainder when a is divided by 3*6*5/10?
6
Suppose o = -4*f + 5 + 12, -4*f - 37 = -5*o. Calculate the remainder when 44 is divided by (-1 + -1)*(-54)/o.
8
Let y(z) = -2*z + 1 + 6*z**2 - 2*z - 2*z**2. Let t be (-2)/15 + 290/(-75). Calculate the remainder when y(t) is divided by 28.
25
Calculate the remainder when 8 + -2 + 3 + 54 + -2 is divided by 21.
19
Suppose 4*q + 162 = 10*q. Calculate the remainder when 200 is divided by q.
11
Suppose 0*t - 7 = -t. What is the remainder when ((-30)/4)/(-5)*1898/219 is divided by t?
6
Let k be (-546)/(-15) + 6/(-15). Suppose -k = -2*j - j. Suppose -8*d - 9*d + 119 = 0. Calculate the remainder when j is divided by d.
5
Suppose -5*k + 122 + 273 = 0. Suppose -8*o + 1 = -k. Calculate the remainder when 19 is divided by o.
9
Let n = 40 + -33. Suppose m = 4*m - 6. Calculate the remainder when n is divided by m.
1
Let c(q) = q**3 + 7*q**2 + 6*q + 2. Suppose d + 4*d = -30. Let a be c(d). Suppose 18 = a*k - 8. What is the remainder when k is divided by 8?
5
Let c = -2 + 6. Suppose c*h - 5*k = -2*k + 44, 0 = -4*h + k + 36. What is the remainder when 29 is divided by 130/h + 5/(-20)?
13
Suppose 0 = 5*g + 20, g - 2*g = 3*r - 5. Calculate the remainder when r/(-4) - 33/(-12) is divided by 1.
0
Let c(d) = -d**2 - 15*d + 18. Let k be c(-16). Calculate the remainder when 2*(k - (-63)/3*1) is divided by (0 - -3)*1*4.
10
Let k be (-18)/(-54)*36/1. What is the remainder when 113 is divided by (58/k)/((-2)/(-12))?
26
Suppose -5*z - 58 + 163 = 0. Calculate the remainder when 48 is divided by z.
6
Let p(s) be the first derivative of s**4/4 + s**3/3 + 35*s + 1. Let m(r) = -r**2 - 70*r + 465. Calculate the remainder when p(0) is divided by m(-76).
8
Suppose -189 - 147 = -24*m. Calculate the remainder when 38 is divided by m.
10
Let n = -743 - -847. What is the remainder when n is divided by 15?
14
Let b = 3 - -110. Calculate the remainder when b is divided by -2*2/((-6)/57 + 0).
37
Let i be (0 - 0) + (6 - 5)*41. Let f = -33 + i. What is the remainder when 77 is divided by f?
5
Let r = -322 + 330. What is the remainder when 20 is divided by r?
4
Let r be (-2)/(1 - (-15)/(-9)). Suppose r = 4*j - 9. Suppose j*p - 20 = 16. What is the remainder when p is divided by 7?
5
Let f be (-6)/15 + 12/5. Let a(z) = z - 3*z - f*z - 3 + z + 3*z**2. Calculate the remainder when 56 is divided by a(-2).
11
Suppose 2*s